{"id":15902,"date":"2026-04-14T08:47:12","date_gmt":"2026-04-14T11:47:12","guid":{"rendered":"https:\/\/www.imobiliariacharrua.com.br\/site\/?post_type=cpt_imobiliaria&#038;p=15902"},"modified":"2026-04-14T08:47:12","modified_gmt":"2026-04-14T11:47:12","slug":"apartamento-rua-silva-jardim","status":"publish","type":"cpt_imobiliaria","link":"http:\/\/www.imobiliariacharrua.com.br\/site\/imobiliaria\/apartamento-rua-silva-jardim\/","title":{"rendered":"Apartamento &#8211; Rua Silva Jardim"},"content":{"rendered":"<p>Apartamento com sala (lareira), 03 dormit\u00f3rios, sendo uma su\u00edte com closet, 03 banheiros, cozinha com churrasqueira, lavanderia, amplo terra\u00e7o e garagem para 02 carros.<\/p>\n","protected":false},"template":"","tags":[],"tax_imovel_finalidade":[6],"tax_imovel_cidade":[5],"tax_imovel_opcoes":[10,11],"class_list":["post-15902","cpt_imobiliaria","type-cpt_imobiliaria","status-publish","hentry","tax_imovel_finalidade-venda","tax_imovel_tipo-apartamento","tax_imovel_cidade-santana-do-livramento","tax_imovel_opcoes-churrasqueira","tax_imovel_opcoes-lareira","entry"],"_links":{"self":[{"href":"http:\/\/www.imobiliariacharrua.com.br\/site\/wp-json\/wp\/v2\/imobiliaria\/15902","targetHints":{"allow":["GET"]}}],"collection":[{"href":"http:\/\/www.imobiliariacharrua.com.br\/site\/wp-json\/wp\/v2\/imobiliaria"}],"about":[{"href":"http:\/\/www.imobiliariacharrua.com.br\/site\/wp-json\/wp\/v2\/types\/cpt_imobiliaria"}],"wp:attachment":[{"href":"http:\/\/www.imobiliariacharrua.com.br\/site\/wp-json\/wp\/v2\/media?parent=15902"}],"wp:term":[{"taxonomy":"post_tag","embeddable":true,"href":"http:\/\/www.imobiliariacharrua.com.br\/site\/wp-json\/wp\/v2\/tags?post=15902"},{"taxonomy":"tax_imovel_finalidade","embeddable":true,"href":"http:\/\/www.imobiliariacharrua.com.br\/site\/wp-json\/wp\/v2\/tax_imovel_finalidade?post=15902"},{"taxonomy":"tax_imovel_cidade","embeddable":true,"href":"http:\/\/www.imobiliariacharrua.com.br\/site\/wp-json\/wp\/v2\/tax_imovel_cidade?post=15902"},{"taxonomy":"tax_imovel_opcoes","embeddable":true,"href":"http:\/\/www.imobiliariacharrua.com.br\/site\/wp-json\/wp\/v2\/tax_imovel_opcoes?post=15902"}],"curies":[{"name":"wp","href":"https:\/\/api.w.org\/{rel}","templated":true}]}}

<p>Apartamento com sala (lareira), 03 dormitórios, sendo uma suíte com closet, 03 banheiros, cozinha com churrasqueira, lavanderia, amplo terraço e garagem para 02 carros.</p>
