{"id":15921,"date":"2026-04-20T15:12:55","date_gmt":"2026-04-20T18:12:55","guid":{"rendered":"https:\/\/www.imobiliariacharrua.com.br\/site\/?post_type=cpt_imobiliaria&#038;p=15921"},"modified":"2026-04-20T15:19:20","modified_gmt":"2026-04-20T18:19:20","slug":"rua-floriano-peixoto-no-709-severo-de-abreu","status":"publish","type":"cpt_imobiliaria","link":"http:\/\/www.imobiliariacharrua.com.br\/site\/imobiliaria\/rua-floriano-peixoto-no-709-severo-de-abreu\/","title":{"rendered":"RUA FLORIANO PEIXOTO, N\u00ba 709- SEVERO DE ABREU"},"content":{"rendered":"<p>Casa  com sala e cozinha conjugadas, despensa, 02 dormit\u00f3rios, 02 banheiros, \u00e1rea com churrasqueira, p\u00e1tio e garagem.<\/p>\n","protected":false},"template":"","tags":[],"tax_imovel_finalidade":[7],"tax_imovel_cidade":[5],"tax_imovel_opcoes":[10,11,12],"class_list":["post-15921","cpt_imobiliaria","type-cpt_imobiliaria","status-publish","hentry","tax_imovel_finalidade-aluguel","tax_imovel_tipo-casa","tax_imovel_cidade-santana-do-livramento","tax_imovel_opcoes-churrasqueira","tax_imovel_opcoes-lareira","tax_imovel_opcoes-patio","entry"],"_links":{"self":[{"href":"http:\/\/www.imobiliariacharrua.com.br\/site\/wp-json\/wp\/v2\/imobiliaria\/15921","targetHints":{"allow":["GET"]}}],"collection":[{"href":"http:\/\/www.imobiliariacharrua.com.br\/site\/wp-json\/wp\/v2\/imobiliaria"}],"about":[{"href":"http:\/\/www.imobiliariacharrua.com.br\/site\/wp-json\/wp\/v2\/types\/cpt_imobiliaria"}],"wp:attachment":[{"href":"http:\/\/www.imobiliariacharrua.com.br\/site\/wp-json\/wp\/v2\/media?parent=15921"}],"wp:term":[{"taxonomy":"post_tag","embeddable":true,"href":"http:\/\/www.imobiliariacharrua.com.br\/site\/wp-json\/wp\/v2\/tags?post=15921"},{"taxonomy":"tax_imovel_finalidade","embeddable":true,"href":"http:\/\/www.imobiliariacharrua.com.br\/site\/wp-json\/wp\/v2\/tax_imovel_finalidade?post=15921"},{"taxonomy":"tax_imovel_cidade","embeddable":true,"href":"http:\/\/www.imobiliariacharrua.com.br\/site\/wp-json\/wp\/v2\/tax_imovel_cidade?post=15921"},{"taxonomy":"tax_imovel_opcoes","embeddable":true,"href":"http:\/\/www.imobiliariacharrua.com.br\/site\/wp-json\/wp\/v2\/tax_imovel_opcoes?post=15921"}],"curies":[{"name":"wp","href":"https:\/\/api.w.org\/{rel}","templated":true}]}}

RUA FLORIANO PEIXOTO, Nº 709- SEVERO DE ABREU

<p>Casa  com sala e cozinha conjugadas, despensa, 02 dormitórios, 02 banheiros, área com churrasqueira, pátio e garagem.</p>
