{"id":15972,"date":"2026-04-23T09:48:15","date_gmt":"2026-04-23T12:48:15","guid":{"rendered":"https:\/\/www.imobiliariacharrua.com.br\/site\/?post_type=cpt_imobiliaria&#038;p=15972"},"modified":"2026-04-23T09:48:15","modified_gmt":"2026-04-23T12:48:15","slug":"edificio-severo-rua-manduca-rodrigues-n774-apto-602-centro","status":"publish","type":"cpt_imobiliaria","link":"http:\/\/www.imobiliariacharrua.com.br\/site\/imobiliaria\/edificio-severo-rua-manduca-rodrigues-n774-apto-602-centro\/","title":{"rendered":"EDIF\u00cdCIO SEVERO \u2013 RUA MANDUCA RODRIGUES, N\u00b0774, APTO 602 \u2013 CENTRO"},"content":{"rendered":"<p>Apartamento com sala, 03 dormit\u00f3rios, banheiro, cozinha, churrasqueira, \u00e1rea de servi\u00e7o com banheiro e despensa.<\/p>\n","protected":false},"template":"","tags":[],"tax_imovel_finalidade":[7],"tax_imovel_cidade":[5],"tax_imovel_opcoes":[10,14],"class_list":["post-15972","cpt_imobiliaria","type-cpt_imobiliaria","status-publish","hentry","tax_imovel_finalidade-aluguel","tax_imovel_tipo-apartamento","tax_imovel_cidade-santana-do-livramento","tax_imovel_opcoes-churrasqueira","tax_imovel_opcoes-elevador","entry"],"_links":{"self":[{"href":"http:\/\/www.imobiliariacharrua.com.br\/site\/wp-json\/wp\/v2\/imobiliaria\/15972","targetHints":{"allow":["GET"]}}],"collection":[{"href":"http:\/\/www.imobiliariacharrua.com.br\/site\/wp-json\/wp\/v2\/imobiliaria"}],"about":[{"href":"http:\/\/www.imobiliariacharrua.com.br\/site\/wp-json\/wp\/v2\/types\/cpt_imobiliaria"}],"wp:attachment":[{"href":"http:\/\/www.imobiliariacharrua.com.br\/site\/wp-json\/wp\/v2\/media?parent=15972"}],"wp:term":[{"taxonomy":"post_tag","embeddable":true,"href":"http:\/\/www.imobiliariacharrua.com.br\/site\/wp-json\/wp\/v2\/tags?post=15972"},{"taxonomy":"tax_imovel_finalidade","embeddable":true,"href":"http:\/\/www.imobiliariacharrua.com.br\/site\/wp-json\/wp\/v2\/tax_imovel_finalidade?post=15972"},{"taxonomy":"tax_imovel_cidade","embeddable":true,"href":"http:\/\/www.imobiliariacharrua.com.br\/site\/wp-json\/wp\/v2\/tax_imovel_cidade?post=15972"},{"taxonomy":"tax_imovel_opcoes","embeddable":true,"href":"http:\/\/www.imobiliariacharrua.com.br\/site\/wp-json\/wp\/v2\/tax_imovel_opcoes?post=15972"}],"curies":[{"name":"wp","href":"https:\/\/api.w.org\/{rel}","templated":true}]}}

EDIFÍCIO SEVERO – RUA MANDUCA RODRIGUES, N°774, APTO 602 – CENTRO

<p>Apartamento com sala, 03 dormitórios, banheiro, cozinha, churrasqueira, área de serviço com banheiro e despensa.</p>
