{"id":16025,"date":"2026-04-28T14:53:55","date_gmt":"2026-04-28T17:53:55","guid":{"rendered":"https:\/\/www.imobiliariacharrua.com.br\/site\/?post_type=cpt_imobiliaria&#038;p=16025"},"modified":"2026-04-28T14:59:02","modified_gmt":"2026-04-28T17:59:02","slug":"rua-orlando-menezes-da-silveira-no-121-planalto","status":"publish","type":"cpt_imobiliaria","link":"http:\/\/www.imobiliariacharrua.com.br\/site\/imobiliaria\/rua-orlando-menezes-da-silveira-no-121-planalto\/","title":{"rendered":"RUA ORLANDO MENEZES DA SILVEIRA, N\u00ba 121-PLANALTO"},"content":{"rendered":"<p>Casa com 03 dormit\u00f3rios (sendo uma su\u00edte), 02 salas, banheiro social, cozinha, lavanderia, \u00e1rea de servi\u00e7o, \u00e1rea de churrasqueira e garagem.<\/p>\n","protected":false},"template":"","tags":[],"tax_imovel_finalidade":[7],"tax_imovel_cidade":[5],"tax_imovel_opcoes":[],"class_list":["post-16025","cpt_imobiliaria","type-cpt_imobiliaria","status-publish","hentry","tax_imovel_finalidade-aluguel","tax_imovel_tipo-casa","tax_imovel_cidade-santana-do-livramento","entry"],"_links":{"self":[{"href":"http:\/\/www.imobiliariacharrua.com.br\/site\/wp-json\/wp\/v2\/imobiliaria\/16025","targetHints":{"allow":["GET"]}}],"collection":[{"href":"http:\/\/www.imobiliariacharrua.com.br\/site\/wp-json\/wp\/v2\/imobiliaria"}],"about":[{"href":"http:\/\/www.imobiliariacharrua.com.br\/site\/wp-json\/wp\/v2\/types\/cpt_imobiliaria"}],"wp:attachment":[{"href":"http:\/\/www.imobiliariacharrua.com.br\/site\/wp-json\/wp\/v2\/media?parent=16025"}],"wp:term":[{"taxonomy":"post_tag","embeddable":true,"href":"http:\/\/www.imobiliariacharrua.com.br\/site\/wp-json\/wp\/v2\/tags?post=16025"},{"taxonomy":"tax_imovel_finalidade","embeddable":true,"href":"http:\/\/www.imobiliariacharrua.com.br\/site\/wp-json\/wp\/v2\/tax_imovel_finalidade?post=16025"},{"taxonomy":"tax_imovel_cidade","embeddable":true,"href":"http:\/\/www.imobiliariacharrua.com.br\/site\/wp-json\/wp\/v2\/tax_imovel_cidade?post=16025"},{"taxonomy":"tax_imovel_opcoes","embeddable":true,"href":"http:\/\/www.imobiliariacharrua.com.br\/site\/wp-json\/wp\/v2\/tax_imovel_opcoes?post=16025"}],"curies":[{"name":"wp","href":"https:\/\/api.w.org\/{rel}","templated":true}]}}

RUA ORLANDO MENEZES DA SILVEIRA, Nº 121-PLANALTO

<p>Casa com 03 dormitórios (sendo uma suíte), 02 salas, banheiro social, cozinha, lavanderia, área de serviço, área de churrasqueira e garagem.</p>
